-10 + 21 + 4 + -12?
3
Calculate -7 + -6 + 3 + 1.
-9
What is the value of -2 + 4 - (-4 + -1 - -1)?
6
What is the value of -6 - (-10 + 10 + -6)?
0
Calculate -6 + (1 - -3) + 1.
-1
9 - (6 - (4 - 1))
6
What is the value of 4 - 2 - 0 - -3 - -1?
6
-2 + 3 + (2 - 4)
-1
What is the value of -16 + 14 - (1 - 2)?
-1
Evaluate -3 - -3 - (1 - 4).
3
What is 16 - (1 + 7) - 11?
-3
What is -9 + 11 + -7 + 9?
4
What is 1 + (1 - 0 - -3)?
5
What is -5 + (3 - 12) - -14?
0
Calculate -3 + (0 - 0) + 2 + -5.
-6
(12 - 8 - 1) + -10
-7
Evaluate 6 + 2 + (3 - 10) + 1.
2
Evaluate 2 - (1 + 1) - (0 + 3).
-3
What is (1 - -7) + -2 + (-1 - 5)?
0
Calculate (0 - 1 - (3 + -2)) + 7.
5
Evaluate -78 + 81 + 1 + 3.
7
Evaluate -1 + -1 - (-21 + 17).
2
What is -8 + 5 + -6 + 4?
-5
1 + (5 - 3 - 8)
-5
What is the value of 5 + -3 + -8 + 41 + -41?
-6
Calculate 1 - (7 + (-4 - -7)).
-9
What is (19 - 14) + (2 - 3) + -4?
0
5 - (4 - 5) - (-1 - -3)
4
Calculate -12 + 10 + (-4 + -2 - -8).
0
Evaluate -1 - ((-3 - 1) + 8).
-5
Calculate 7 - (5 + -1) - 0 - -2.
5
What is the value of 2 - (-5 + 5 + 1 - 2)?
3
Calculate 3 + (19 + -6 - 9).
7
(3 + 0 - 3) + 6
6
What is the value of (0 - (-1 + 4)) + -1 + 0?
-4
What is 13 - (-1 + 14 + -7)?
7
Evaluate (3 - (3 - 4) - 4) + -3.
-3
What is the value of (-33 - -19) + (4 - -5)?
-5
Calculate -3 - (7 + -11) - (-1 - -2).
0
Calculate -4 - ((3 - 3) + 1).
-5
What is 4 - -2 - 2 - (10 - 11)?
5
Evaluate -5 + 13 + 2 + -9.
1
Calculate 1 + (-1 - (3 + -1 - 6)).
4
Calculate -4 - (-7 - -3 - (-1 + 0)).
-1
Calculate 5 + 0 + 3 + -7.
1
What is the value of 5 + -3 + -6 + 7?
3
-6 - (-1 + -10) - 6
-1
2 - (5 - 0) - -1
-2
What is -5 - -1 - 0 - (58 + -62)?
0
Evaluate (1 - -3 - 5) + -3.
-4
Evaluate 2 - (0 - (4 + -2 + -3)).
1
What is the value of 1 - (0 + 2 + -6 + 8)?
-3
-5 - (-7 - (-7 - -2))
-3
What is the value of 9 - (11 - (-2 + 5))?
1
(-13 - (5 + -15 - -6)) + 3
-6
What is -1 + 4 + -1 + 2 + -1?
3
Calculate -5 + 15 - 4 - 6.
0
What is the value of 4 - ((3 - 0) + 2) - -1?
0
Calculate 7 - (1 - (-2 + 2)).
6
What is the value of 1 + 0 - (1 - (3 - 2))?
1
Calculate 9 + -5 - (0 + 8 + -2).
-2
(5 - 4 - 3) + (4 - 2)
0
Calculate 12 + (4 - 6) - 8.
2
Calculate -1 + -9 - (-3 - 4).
-3
Calculate 2 + -1 + -5 + 1 - -8.
5
What is the value of (1 - -3) + -8 - (-11 - -8)?
-1
What is the value of -3 + 2 + -1 + -3?
-5
Evaluate -3 + 1 - (6 + -4 + -9).
5
What is the value of -6 + 2 + 5 - 3?
-2
What is -4 + 1 + (1 - (7 - 8))?
-1
6 - 2 - (-4 + 0 - -3)
5
Calculate 4 - (8 + 1 - 2) - 0.
-3
Calculate -1 - (1 + 2 - (6 + -3)).
-1
What is 2 - (2 - -1) - -6?
5
What is 4 - 1 - 4 - 2 - 0?
-3
Calculate 8 + -7 + 4 + 3 + -7.
1
-4 + 2 + (-1 - -4 - 3)
-2
(3 - 0) + -2 + 1 + 3
5
Evaluate -5 + -1 - (-2 + -3).
-1
Evaluate -1 + 0 + (0 - -3).
2
What is 92 + -92 - (-2 + -2)?
4
-2 - (-2 + 1 + (0 - 0))
-1
Calculate 2 - ((0 - 0) + 6) - -8.
4
Calculate (-13 + 6 - -3) + 0 + 0.
-4
What is 4 + 6 - (6 - 7)?
11
What is the value of -2 - 2 - (-47 + 43)?
0
What is the value of 0 + (-3 + 6 - 3) + -3?
-3
Calculate (20 - (-15 - -27)) + 0 + 0.
8
What is (0 - 4 - -2) + -3 + 0?
-5
What is the value of (14 - 9) + (1 - -2 - 2)?
6
What is the value of 7 + 0 - (-18 + 24)?
1
(-28 - 2) + 12 - (-3 + -5)
-10
-3 - -2 - (-6 + 10)
-5
-9 - (9 - 18) - -2
2
Calculate (-3 - -2 - 2) + 0.
-3
Calculate (-8 - -1 - -12) + 6.
11
What is the value of 7 + (-8 + -5 - -3)?
-3
Evaluate (6 - -2) + (7 - (15 - 6)).
6
Evaluate -6 + 10 - 3 - -6.
7
What is -1 + -6 + (-7 + 10 - -2)?
-2
Calculate 15 - 22 - (1 - (-1 - -7)).
-2
Calculate -9 + -7 + 9 - -14.
7
What is 2 - (7 - 9) - -3?
7
Calculate 0 - 9 - (1 - (-2 + 6)).
-6
What is the value of 1 + -7 + 7 + (13 - 17)?
-3
What is the value of 6 + (11 - 4) + -13 + 2?
2
What is 4 + 11 + -16 + -7?
-8
Calculate -3 + (8 - (-4 + 5)).
4
What is the value of -5 + 4 + -3 + -4?
-8
Calculate 0 + -1 + (-18 - -21).
2
Evaluate 16 + -29 + 18 + 1 + 2.
8
What is the value of -20 - -23 - (-1 - -3)?
1
What is the value of -9 - (-3 - 10) - (1 + 4)?
-1
(-4 - (2 - 9)) + (-2 - -2)
3
What is the value of 14 + -9 + -5 + 7?
7
Calculate 2 - (-12 + 17 + 1).
-4
Evaluate 0 + (-4 - -5 - -2) + -8.
-5
What is the value of -1 - 10 - (-4 + -12)?
5
Evaluate 2 - (6 + 5 + -5).
-4
Evaluate (-1 - -2) + -3 - 0 - 3.
-5
What is the value of (1 - 0 - (1 + 2)) + -2?
-4
What is the value of 5 + -1 - (-53 + 56)?
1
Calculate 16 + (1 - 8) + -8 - -2.
3
Calculate (10 - 10) + -8 + 6.
-2
What is the value of -3 + -2 - (2 + -8)?
1
Evaluate (0 - -2) + (-3 - 6) + 7.
0
What is -9 + 5 + (-5 - -12)?
3
Calculate -16 + 14 - (1 - 0 - 3).
0
Evaluate 3 - (6 + (-6 - -3)).
0
Evaluate 1 - -3 - (6 - (-11 + 8)).
-5
-15 + (-5 - (9 - 24))
-5
0 + 5 + -5 + -5
-5
Calculate -3 + (2 - (-13 - -7)).
5
What is the value of -8 - (-5 - (-7 + 4))?
-6
What is -7 - -8 - (0 - 4)?
5
Evaluate -1 + (-1 - 2) + 1 - 0.
-3
Evaluate 2 + 13 - (6 - -3).
6
What is -11 - (-17 + 0 - -2)?
4
Calculate (-1 - (-1 - 1 - 1)) + 0.
2
-9 - (-7 - -2 - 1)
-3
Evaluate -1 + (-9 - (11 - 14)).
-7
Calculate -6 - (-3 - (4 - 8)).
-7
Calculate -10 - (-6 + -3) - -3.
2
Evaluate 3 + 5 + (-13 - (1 + 1)).
-7
1 + 0 - (2 - (0 + 5))
4
What is the value of -6 - (-17 + 9 - (1 - -2))?
5
Evaluate 7 - (18 - 7 - 7).
3
What is 0 - (-8 + 1) - 2?
5
3 + 3 + -2 + 4 + -3
5
What is the value of -1 + (-2 - (-1 - 0))?
-2
What is 0 - (-1 - (-4 - -4))?
1
Evaluate -8 - -7 - (3 + (0 - 2)).
-2
Evaluate 3 + 6 + -10 + 5 - -1.
5
What is 14 + 6 + -15 - (2 + -1)?
4
Calculate -3 - (1 - -5 - 10).
1
What is the value of 2 - (2 - (5 - 0))?
5
What is the value of -12 + -2 + 29 + -22?
-7
Evaluate 17 + (-8 - 3 - -4) + -1.
9
Calculate (2 - 4) + (-2 - -4) + 0.
0
Evaluate (0 - 5) + 5 + 0 + 6.
6
What is -1 + -5 + 2 + 8?
4
(2 + -12 - 3) + 11
-2
Evaluate -6 + 4 + (11 - 5) + -13.
-9
What is 3 + (3 + -10 - -1 - -4)?
1
Calculate (6 + -13 - -6) + (-1 - 2).
-4
What is the value of (-2 + 2 - (-1 - 1)) + 0?
2
Evaluate -6 - (5 + -7 + -4).
0
Calculate 1 - (4 + -8 + 5).
0
What is the value of 0 + 3 + -4 + -5 + 1?
-5
What is the value of 3 - (-3 + (7 - 0))?
-1
(5 - (4 + 1)) + 0
0
Evaluate (-4 - (-3 - (1 - 2))) + -1.
-3
What is -1 + 3 + 3 + -2?
3
-3 + -1 + 0 - 0
-4
What is the value of (0 - -2) + 0 + (-8 - -1)?
-5
What is the value of 0 + -10 + 5 - (-17 + 12)?
0
What is 0 + -7 + 27 + -21 + -2?
-3
What is (-4 - -6) + -12 + 18?
8
(3 - (7 - 8)) + -6
-2
What is the value of -3 + 15 - (5 - 3 - -4)?
6
Evaluate (-3 + -9 - -8) + 5.
1
What is -18 + -3 + 11 - (4 - 4)?
-10
What is the value of (-328 - -326) + (-2 - (2 - 8))?
2
Calculate -2 + (-7 - -16 - 5).
2
What is -1 - (3 + -9 + 6)?
-1
Calculate 9 - (6 + (3 - 0)).
0
Calculate -9 - (-2 + -4 + 1).
-4
Evaluate 7 + (5 - (7 + -1)).
6
What is -4 + (5 - (1 + 4 - 1))?
-3
What is the value of (-9 - 7) + (-5 - -1 - -11)?
-9
25 + -21 - (3 + -1)
2
Evaluate 5 + (2 - 6) + -2 + 4.
3
What is (-6 + -7 - -9) + (1 - -13)?
10
Calculate -1 + 1 - (-10 - (5 - 10)).
5
(24 - 8) + (-10 - (-8 + 5))
9
What is -5 - (1 + -12) - (1 - 0)?
5
Calculate -6 - (-2 - (2 - -1 - 4)).
-5
Evaluate 6 + (-1 - (-2 - -7)).
0
What is (15 - (-3 - -14)) + -9?
-5
What is the value of (-2 - -3) + 4 - (-6 - -9)?
2
What is the value of -7 - (-8 + (8 - 14))?
7
Calculate 2 + -1 + 1 + (5 - 3).
4
Evaluate (-3 - 0) + (0 - -2).
-1
Calculate (2 - 2) + -2 - -6.
4
Calculate 4 + (-6 + 3 + -3 - 1).
-3
What is (3 + 4 - 3) + (-2 - -5)?
7
What is 2 - (-6 - ((-4 - 0) + 0))?
4
Calculate -8 - -4 - (-5 + -1).
2
Evaluate -8 + (0 - -2) + 2.
-4
5 + -1 + -8 + (6 - 0)
2
Evaluate -2 - (4 - (-8 - -11)).
-3
Calculate -2 + (-1 - 0) - (-1 - 0).
-2
Calculate -2 - (-12 + 8) - 3.
-1
What is the value of -100 + 102 + (4 - 0)?
6
What is 9 - (-7 + 1 + 9)?
6
Calculate 9 + (-8 + -1 - (35 - 41)).
6
10 - (-8 + 8 + 14)
-4
Evaluate -2 + 2 + 5 + -3.
2
Calculate (-3 + 1 + 5 - 5) + 0.
-2
What is 2 - (-1 - (0 - -1))?
4
-7 - (-7 - (5 - 3))
2
-9 + 11 + (0 - (3 + -2))
1
Evaluate -6 + -3 + (3 - (-5 - -8)).
-9
Calculate 7 - (3 + 2) - (5 - -1).
-4
-4 + (1 - 0 - (1 + 3))
-7
What is the value of -12 - (0 + (-3 - 2)) - -16?
9
What is the value of -24 + 21 - (-4 + 6)?
-5
What is the value of -2 + 10 + -20 + 18?
6
What is the value of -6 - (4 + -4 - 2)?
-4
What is the value of -5 - (5 + 4 + -15)?
1
Evaluate 203 + -200 + -8 + (0 - 0).
-5
6 + (6 - 13) + (4 - 0)
3
Calculate 1 + (6 - 3 - 2) + 0.
2
3 + -6 + (3 + 0 - -1)
1
What is -4 + 6 + 7 + -3?
6
What is the value of -1 + 1 - (-16 + 18)?
